ose i - u = 3*t, 0 = -i + 2*i + t - 10. Calculate the remainder when i is divided by (1 + -3)/((-2)/5).
4
Let f(h) = -h**3 + 10*h**2 + 3*h - 12. Calculate the remainder when 86 is divided by f(10).
14
Suppose 5*n - 3*v - 132 = 0, n - 4*v + 3*v = 26. Calculate the remainder when 77 is divided by n.
23
Suppose 0 = 2*r + 3*h - 81, -205 = -5*r - 0*h - 5*h. What is the remainder when r is divided by 22?
20
Suppose -22 = -3*u - 16. Calculate the remainder when 3 is divided by u.
1
Let h(a) = -a**3 + 9*a**2 + 9*a + 14. Let l be h(10). Calculate the remainder when 43 is divided by 15/(-4)*l*-1.
13
Suppose 320 = -2*z + 7*z. Calculate the remainder when z is divided by 33.
31
Calculate the remainder when (-37)/(-2) - (-1)/2 is divided by 10.
9
Let p = 132 + -81. Suppose 0 = 3*d + 2*x + 2, -5*d - 3*x = -1 + 3. Let k = 11 + d. Calculate the remainder when p is divided by k.
12
Let u = 56 - 34. What is the remainder when u is divided by 5?
2
Suppose -2 + 10 = 4*z. Suppose -152 = -z*a - 2*a. Calculate the remainder when a is divided by 8.
6
Suppose 3 = -2*i + 4*u - 11, 0 = -3*i + 5*u - 16. Let o = 1 + 4. What is the remainder when o is divided by i?
2
Let i(p) = -p**3 + 8*p**2 - 3*p - 9. Let a be i(7). Let c = a - -12. What is the remainder when c is divided by 11?
9
What is the remainder when (-86 - -1)*9/(54/(-12)) is divided by 43?
41
Suppose 2*u + 50 = 4*u. Calculate the remainder when u is divided by 1*(-3)/(-15) + (-352)/(-40).
7
Suppose 3*h + 58 = 163. What is the remainder when 102 is divided by h?
32
Let b be ((-8)/12)/(2/186). Let s = b - -108. Suppose -s = -w - w. What is the remainder when w is divided by 8?
7
Suppose -4*n + 8*n = 164. Calculate the remainder when n is divided by 15 + 3*(-4)/12.
13
Let c(z) = z + 37. Calculate the remainder when c(-18) is divided by 11.
8
Suppose -5*r + 4*g = -85, 0 = -3*r - 2*r + 3*g + 85. What is the remainder when 48 is divided by r?
14
Let x be (-3)/(9/6) + 2. Suppose x = 2*d - 2 + 22. What is the remainder when 9 is divided by (2/4)/((-1)/d)?
4
Let f(n) = n + 16. Calculate the remainder when 48 is divided by f(9).
23
Let d be 44*(15/12 - 0). Let f = d + -25. Calculate the remainder when 43 is divided by 2/(2/f*2).
13
Let t(a) = -9*a + 12. Let k(p) = 2*p - 3. Let d(o) = 15*k(o) + 4*t(o). Let u be d(3). What is the remainder when 3 is divided by ((-8)/10)/(6/u)?
1
Let g(h) = -h**2 + 5*h - 5. Let n be g(4). Let s = n - -5. Suppose -3*p = -s*p + 18. Calculate the remainder when 52 is divided by p.
16
Let v(i) = -i**2 + 4. Let y be v(3). Let b(k) = k**3 + 5*k**2 - k + 5. Calculate the remainder when 37 is divided by b(y).
7
Suppose x - 6 = -x. Let k = 151 + -150. What is the remainder when x is divided by k?
0
Let j = -22 + -2. Suppose -4*f - 2*t + 0*t = 18, 2*t + 23 = -5*f. Let l = f - j. What is the remainder when l is divided by 10?
9
Let p be (6 + 0)*(3 - 1). Suppose p = 3*g, -5*z + z = -g - 8. What is the remainder when 7 is divided by z?
1
Suppose -6*y = -p - y + 91, 4*p - 4*y = 348. Suppose -6 = 4*j + p. Let x = 35 + j. Calculate the remainder when 21 is divided by x.
9
Suppose s = -4*b - 2*s + 24, b + 7 = -4*s. Calculate the remainder when 17 is divided by b.
8
Suppose 0 = 7*j - 46 - 45. Suppose 4*f - 5*m - 29 = 3*f, -2*f = -4*m - 46. Let k = f - -31. Calculate the remainder when k is divided by j.
11
Suppose 2*r + 12 = -4*j, -4*j - 4 - 6 = 3*r. What is the remainder when 2 is divided by r?
0
Suppose 2*d = 10, 3*g + 3 = 4*d - 8. Suppose -g*i - 371 = -5*b, 3*i - 57 = -2*b + 104. Calculate the remainder when b is divided by 11.
10
Suppose m - 480 = -2*m. Suppose 2*b - 13 = -k + 98, 3*b = 5*k + m. Let a = b + -30. What is the remainder when a is divided by 13?
12
Suppose 3*y - 30 = -3*h, -2*y - 1 = -5*h - 0. Calculate the remainder when 20 is divided by y.
6
Let i = -24 + 33. Calculate the remainder when 16 is divided by i.
7
Let i = -27 - -39. Suppose i = -o + 25. Calculate the remainder when o is divided by 5.
3
Suppose -2*l - 76 = -6*l. Calculate the remainder when l is divided by 10.
9
Suppose 2 - 1 = -d + 5*t, 20 = 5*t. Suppose 3*r = p - 5*p - d, 2*p - 4*r - 18 = 0. Let s = 14 - p. Calculate the remainder when s is divided by 8.
7
Suppose 2*y + 2*x = 10, 2*y + 3*y - x = 1. Let m(r) = r**2 - 5*r + 7. What is the remainder when y is divided by m(3)?
0
Let o = 113 - 76. Suppose 0 = 12*l + 8 - 128. What is the remainder when o is divided by l?
7
Suppose 0 = -4*y - 6*a + 7*a + 33, -y - 2*a + 15 = 0. What is the remainder when 33 is divided by y?
6
Suppose -3*p - p = 2*d - 20, -p - 4*d = -5. Calculate the remainder when 24 is divided by p.
4
Let m(d) = d - 4. Let l be m(6). What is the remainder when 4/(l/4 + 0) is divided by 3?
2
Suppose -z + 2*z = 21. Suppose -2*j + z = -9. Calculate the remainder when 43 is divided by j.
13
Suppose i - 2*s - 11 = 0, -6 - 3 = -3*s. Calculate the remainder when 83 is divided by i.
15
Calculate the remainder when 93 is divided by 24*(6 - (6 + -2)).
45
Let q(w) = 51*w. Suppose -14 = -v + 12. What is the remainder when q(2) is divided by v?
24
Suppose 82 = 5*c - 113. Suppose 0 = r + 2*r - c. Calculate the remainder when 50 is divided by r.
11
Let a be (3 + -1)*(-1)/(-2). Let g = 4 - -6. What is the remainder when g is divided by -5*4/(-5)*a?
2
Suppose 2*s = 5 + 3. Let c be (-3 - -6)*s/6. Suppose -5*o - 43 = -c*m - m, 3*o = 12. What is the remainder when m is divided by 11?
10
Calculate the remainder when (-2)/(-3)*(115 + -1) is divided by 13.
11
Let r = 44 + -29. Let t(v) = -v**3 + 11*v**2 - 8*v - 9. Let f be t(10). Suppose 3*k - 38 = -f. Calculate the remainder when r is divided by k.
6
Suppose -5*m + 273 = 2*q, -2*q + 220 = 2*m + 2*m. Calculate the remainder when 153 is divided by m.
47
Let l(g) = -2*g - 4. Calculate the remainder when 79 is divided by l(-12).
19
Let b = -13 + 7. What is the remainder when 26 is divided by ((-70)/15)/(2/b)?
12
Suppose 0 = -3*r - 8 - 4, 0 = 2*n + r - 74. Calculate the remainder when 76 is divided by n.
37
Suppose 5*h - 63 = -f, -5*h - 3*f + 71 = -6*f. Let c(q) = -q**2 - 14*q + 2. What is the remainder when c(-8) is divided by h?
11
Calculate the remainder when ((-12)/(-8))/((-6)/(-164)) is divided by 11.
8
Let n(x) = -x**3 + 7*x**2 + 10*x - 8. Calculate the remainder when n(6) is divided by 18.
16
Suppose 0 = 5*a - 4*i - 116, 2*a = 2*i - 4*i + 32. Let d(g) = g**2. Let o be d(1). Suppose -q + 6 = -o. Calculate the remainder when a is divided by q.
6
What is the remainder when -1*6 + 3 + 144 is divided by 36?
33
Suppose -70*p + 68*p = -70. Calculate the remainder when p is divided by 6.
5
Suppose -35 + 5 = 5*z. Let w = z - -8. Calculate the remainder when 6 is divided by w.
0
Let n = -110 - -183. Calculate the remainder when n is divided by 26.
21
Suppose -a - 26 = -2*a - 3*l, -5*l + 90 = 5*a. What is the remainder when 55 is divided by a?
13
Calculate the remainder when 31 is divided by (-2)/(-1) - (-14 - 1).
14
Let q be ((-4)/10)/((-2)/30). Calculate the remainder when 2/q + 101/3 is divided by 12.
10
Let y(q) = 3*q**2 + 4*q - 2. What is the remainder when 57 is divided by y(-4)?
27
Let a = -219 - -331. Calculate the remainder when a is divided by 39.
34
Let u be (2 - 1)*-1 + -1. Let m = 8 + u. Calculate the remainder when 23 is divided by m.
5
Let r(h) = 3*h - 5. Let l(y) = -y + 1. Let z be l(-3). What is the remainder when 18 is divided by r(z)?
4
Suppose 0 = 5*y + 20, -3*y = -4*d + 5*d. Suppose -2*i + 12 + d = 2*u, 5*u = -2*i + 33. Let k = 1 + 3. Calculate the remainder when i is divided by k.
1
Suppose -5*c + 40 + 0 = 0. Let t(z) = -2*z**3 - z**2 + 2. Calculate the remainder when t(-2) is divided by c.
6
Suppose 4 = 4*f - 16. Suppose -f = v, v = -k - 0*v - 2. What is the remainder when k is divided by (-3 - (-85)/25)/(2/10)?
1
Let u = 13 + -4. Suppose 4*a - 92 - 48 = 0. Calculate the remainder when a is divided by u.
8
Let z = -3 + 7. What is the remainder when (-2 - 1)/3 + 6 is divided by z?
1
Let f = -1 - -3. Let w = 29 - f. What is the remainder when w is divided by (-138)/(-10) - (-1)/5?
13
Let q = -10 + 19. Let p = q - 6. Calculate the remainder when p is divided by 2.
1
Suppose -5*n = -5*o + 22 - 2, o = -n + 14. Suppose -5*a - 3*s - o + 74 = 0, -2*a = 5*s - 26. Calculate the remainder when 36 is divided by a.
10
Let q = -68 + 1